ctor of 227435412?
False
Is 359278378 a multiple of 80?
False
Does 2285 divide 23384582?
False
Is 192204424 a multiple of 188?
False
Is 262081926 a multiple of 59?
False
Is 5878256 a multiple of 4?
True
Is 102139575 a multiple of 140?
False
Is 29 a factor of 204524428?
False
Is 15547865 a multiple of 802?
False
Does 10 divide 287610330?
True
Is 1019 a factor of 287305767?
False
Is 161148968 a multiple of 8?
True
Is 221 a factor of 14675295?
False
Is 319 a factor of 136828308?
False
Does 61 divide 5873770?
False
Does 173 divide 15646950?
False
Is 686610780 a multiple of 282?
True
Is 112021457 a multiple of 1728?
False
Does 11 divide 174339770?
True
Does 3 divide 326324465?
False
Does 50 divide 113198150?
True
Does 5 divide 48088640?
True
Is 6 a factor of 24315002?
False
Is 27 a factor of 745059206?
False
Does 53 divide 1520464?
True
Is 275 a factor of 145840750?
True
Is 14 a factor of 349385582?
True
Does 1425 divide 347075210?
False
Is 333 a factor of 24112530?
True
Does 11 divide 13762342?
True
Does 269 divide 242145999?
True
Does 21 divide 960632178?
False
Does 46 divide 13068002?
True
Is 62 a factor of 58579188?
False
Is 19095415 a multiple of 3?
False
Does 263 divide 32576060?
False
Does 59 divide 27842485?
False
Does 742 divide 3344196?
False
Does 817 divide 10350573?
True
Is 8835 a factor of 2801467742?
False
Is 61 a factor of 8121973?
False
Is 1172382634 a multiple of 46?
True
Is 236 a factor of 33795269?
False
Is 16 a factor of 127741648?
True
Is 1194681366 a multiple of 54?
True
Is 168 a factor of 1434216?
True
Is 36 a factor of 20529756?
True
Does 5444 divide 1096121127?
False
Does 200 divide 858934200?
True
Does 63 divide 93115872?
False
Is 1152745631 a multiple of 335?
False
Is 1752770145 a multiple of 21?
True
Does 554 divide 389197050?
False
Does 306 divide 10061945?
False
Is 110 a factor of 119840930?
True
Is 3 a factor of 448823908?
False
Is 337752957 a multiple of 3792?
False
Is 816 a factor of 925233190?
False
Is 9 a factor of 279344403?
True
Is 12 a factor of 35687750?
False
Is 5118441 a multiple of 47?
True
Is 854596054 a multiple of 131?
True
Is 93164548 a multiple of 56?
False
Does 4 divide 14108144?
True
Is 829 a factor of 31615129?
False
Is 1160272054 a multiple of 5830?
False
Is 296025318 a multiple of 597?
False
Is 3193004 a multiple of 60?
False
Is 13501358 a multiple of 252?
False
Does 14 divide 5865124856?
False
Is 39640146 a multiple of 182?
True
Is 261 a factor of 236746279?
False
Is 2526 a factor of 761106534?
True
Is 657708650 a multiple of 895?
True
Does 12 divide 17688396?
True
Is 1320086025 a multiple of 206?
False
Is 12 a factor of 1634084496?
True
Is 17 a factor of 5826185?
False
Is 2489433012 a multiple of 1122?
True
Does 1504 divide 51657888?
True
Is 17112632 a multiple of 79?
False
Is 19 a factor of 31231564?
False
Is 80641548 a multiple of 57?
True
Does 3996 divide 1658340?
True
Is 928 a factor of 190051616?
True
Does 1292 divide 82687475?
False
Does 235 divide 220767583?
False
Is 33 a factor of 36472920?
True
Does 13 divide 59038083?
True
Is 183607768 a multiple of 37?
False
Does 49 divide 252700649?
False
Is 367 a factor of 35474548?
False
Does 19 divide 542311699?
True
Does 52 divide 1320694559?
False
Is 304 a factor of 1742811632?
True
Is 17994768 a multiple of 528?
True
Does 83 divide 832854165?
False
Does 4202 divide 21805146?
False
Is 51430703 a multiple of 10?
False
Does 121 divide 2572792?
False
Does 23 divide 24178622?
False
Is 15 a factor of 114634665?
True
Does 20 divide 22519560?
True
Is 163206207 a multiple of 87?
False
Is 66 a factor of 89853485?
False
Is 510180561 a multiple of 331?
True
Does 73 divide 375983000?
False
Is 1214277 a multiple of 2?
False
Does 42 divide 6955526?
False
Is 2 a factor of 2475757?
False
Is 977611602 a multiple of 5862?
True
Is 431 a factor of 41641927?
True
Is 81 a factor of 15031413?
True
Does 40 divide 26361000?
True
Does 259 divide 2216904560?
False
Is 210 a factor of 4940123?
False
Is 117 a factor of 17638218?
True
Does 540 divide 96742620?
True
Is 267 a factor of 319181975?
False
Does 527 divide 27799250?
True
Is 13042060 a multiple of 2155?
True
Does 107 divide 19926981?
False
Is 2064492 a multiple of 12?
True
Does 181 divide 14174485?
False
Is 1305 a factor of 10861515?
True
Does 13 divide 10665144?
False
Does 4 divide 4646399?
False
Does 1073 divide 42021899?
True
Is 20 a factor of 474126095?
False
Does 8 divide 54072059?
False
Is 562 a factor of 1027437722?
True
Does 1324 divide 265693700?
True
Is 929048456 a multiple of 935?
False
Does 728 divide 188071520?
True
Is 1098 a factor of 2062232?
False
Is 42986409 a multiple of 3?
True
Is 496 a factor of 764254160?
True
Is 4799340 a multiple of 780?
True
Is 9145 a factor of 3954326735?
False
Is 194 a factor of 146107220?
True
Is 254995798 a multiple of 6913?
False
Does 676 divide 127156952?
True
Does 3136 divide 238978880?
True
Is 45979650 a multiple of 5443?
False
Is 8482 a factor of 970959986?
True
Is 679882827 a multiple of 20?
False
Is 104 a factor of 6600568?
True
Is 61323359 a multiple of 628?
False
Is 689 a factor of 1341100406?
False
Does 399 divide 303952696?
False
Is 2063761178 a multiple of 411?
False
Is 5691 a factor of 242841623?
False
Is 47 a factor of 265363208?
False
Does 18 divide 23354280?
True
Is 7 a factor of 13284639?
False
Does 45 divide 331781265?
True
Is 229151496 a multiple of 886?
True
Is 17 a factor of 2099789?
True
Is 726 a factor of 323634828?
True
Is 11 a factor of 866456?
False
Is 30690020 a multiple of 148?
True
Is 69747650 a multiple of 267?
False
Does 186 divide 39495054?
True
Does 4982 divide 1097987962?
True
Is 956 a factor of 126095444?
True
Is 46 a factor of 74867254?
True
Is 10464702 a multiple of 44?
False
Is 2238 a factor of 628070318?
False
Is 1507 a factor of 306297750?
True
Is 702807198 a multiple of 6?
True
Is 95 a factor of 6523606?
False
Is 1031888916 a multiple of 150?
False
Does 91 divide 21575898?
False
Does 67 divide 20320363?
True
Is 43739745 a multiple of 17?
False
Does 3 divide 9895617?
True
Does 261 divide 79199667?
True
Is 9 a factor of 98265520?
False
Is 54 a factor of 2885382?
True
Is 491 a factor of 122372912?
True
Is 7 a factor of 33503947?
False
Does 268 divide 42256900?
True
Is 150345553 a multiple of 489?
False
Is 703825467 a multiple of 384?
False
Is 224055942 a multiple of 111?
True
Does 89 divide 68566993?
False
Does 360 divide 97500123?
False
Is 16 a factor of 1204722628?
False
Is 427 a factor of 24303986?
True
Is 25 a factor of 747081850?
True
Does 1592 divide 186288595?
False
Is 41903554 a multiple of 107?
True
Is 39973854 a multiple of 21?
False
Is 462 a factor of 518826?
True
Does 24 divide 9836839?
False
Does 23 divide 56896319?
True
Does 34 divide 1188300?
True
Is 4684430310 a multiple of 1965?
True
Is 18 a factor of 703381608?
True
Does 71 divide 397839519?
False
Is 140616794 a multiple of 632?
False
Does 98 divide 1841224?
True
Is 1130951646 a multiple of 54?
True
Does 34 divide 37983371?
False
Is 203 a factor of 5485060?
True
Is 3014110430 a multiple of 11?
False
Is 110971782 a multiple of 9?
True
Is 28639505 a multiple of 1669?
False
Is 5 a factor of 141773317?
False
Is 215571213 a multiple of 16?
False
Is 13644214 a multiple of 2654?
True
Does 5 divide 86827502?
False
Does 35 divide 10034294?
False
Is 46 a factor of 84905834?
True
Is 28 a factor of 39486604?
False
Does 509 divide 81035234?
False
Is 314624801 a multiple of 60?
False
Is 16 a factor of 284824835?
False
Is 409045848 a multiple of 24?
True
Is 1236 a factor of 154978332?
True
Does 15 divide 13594891?
False
Is 75907979 a multiple of 952?
False
Is 1484 a factor of 59992025?
False
Is 329 a factor of 970685797?
False
Is 61494930 a multiple of 210?
True
Does 3 divide 118919196?
True
Does 139 divide 5132381646?
False
Is 1137832380 a multiple of 60?
True
Is 81906718 a multiple of 2474?
True
Does 210 divide 15493204?
False
Does 70 divide 34839909?
False
Is 40 a factor of 73965600?
True
Does 687 divide 25475334?
True
Is 19 a factor of 890665527?
True
Is 63 a factor of 2119039776?
True
Does 438 divide 95221071?
False
Is 17 a factor of 467347663?
True
Does 6 divide 41416638?
True
Is 186 a factor of 20805248?
False
Does 144 divide 66076992?
True
Is 32 a factor of 943520?
True